posite number?
True
Is 2746313 prime?
False
Is 111638239 prime?
True
Is 19746143 a composite number?
False
Is 37539121 prime?
True
Is 12608659 a composite number?
True
Is 40306817 a composite number?
False
Is 26078111 prime?
True
Is 494516273 a composite number?
False
Is 7984277 a composite number?
True
Is 935633 composite?
True
Is 8617079 composite?
True
Is 26910953 a composite number?
False
Is 91003699 prime?
True
Is 476371 composite?
True
Is 1527272157 composite?
True
Is 105995767 a prime number?
True
Is 3642427 a prime number?
True
Is 21323261 composite?
False
Is 2448343 prime?
True
Is 1095677 prime?
False
Is 7586407 composite?
True
Is 42586729 a prime number?
True
Is 591959 composite?
False
Is 62815101 a prime number?
False
Is 12079559 composite?
False
Is 4596521 a prime number?
True
Is 280124281 a composite number?
True
Is 1578169 prime?
True
Is 404773 composite?
False
Is 3331079 a prime number?
True
Is 270622805 prime?
False
Is 114413137 a prime number?
True
Is 162130979 a prime number?
False
Is 3868754 composite?
True
Is 813493 a prime number?
True
Is 478244443 prime?
False
Is 33849989 composite?
True
Is 8992121 a prime number?
True
Is 24889399 composite?
False
Is 23904757 prime?
False
Is 87373331 composite?
False
Is 2674513 prime?
True
Is 1467589 prime?
True
Is 10596206 composite?
True
Is 405359957 composite?
False
Is 1308757 a prime number?
True
Is 5249033 prime?
True
Is 9439387 prime?
True
Is 445079 a composite number?
True
Is 23786039 prime?
True
Is 150745607 a composite number?
False
Is 29286689 a composite number?
False
Is 118283 a composite number?
True
Is 6253633 a composite number?
False
Is 2129943 prime?
False
Is 125247983 prime?
False
Is 3690437 a prime number?
True
Is 7771811 composite?
False
Is 359669 prime?
False
Is 69710527 prime?
False
Is 3341939 a composite number?
True
Is 6740997 prime?
False
Is 5179891 a prime number?
True
Is 170876317 composite?
False
Is 16421667 a composite number?
True
Is 1145017 a prime number?
False
Is 4358111 a composite number?
False
Is 43783855 prime?
False
Is 10614767 a prime number?
True
Is 31962935 a composite number?
True
Is 2445623 a composite number?
True
Is 210431211 a prime number?
False
Is 1259419 a prime number?
False
Is 123007543 a composite number?
True
Is 21739613 a composite number?
True
Is 3633469 a prime number?
False
Is 50168273 a prime number?
True
Is 10783 a composite number?
True
Is 1832191 composite?
True
Is 3320759 prime?
False
Is 980773 composite?
False
Is 31848137 a prime number?
True
Is 5053453 composite?
True
Is 23316101 prime?
True
Is 114255901 a prime number?
False
Is 41735287 a prime number?
False
Is 791839661 a composite number?
False
Is 4885787 composite?
True
Is 186974893 prime?
False
Is 342566893 prime?
True
Is 5620709 composite?
False
Is 2614595 composite?
True
Is 341132871 composite?
True
Is 96444241 a composite number?
False
Is 136952861 prime?
True
Is 50323487 a prime number?
True
Is 3456709 a prime number?
False
Is 3217663 a composite number?
False
Is 34733785 composite?
True
Is 52849367 composite?
False
Is 33593143 composite?
False
Is 304687 composite?
False
Is 2483111 a composite number?
True
Is 13197923 composite?
False
Is 29870579 a prime number?
False
Is 4233331 composite?
False
Is 2117483 composite?
True
Is 7004039 a prime number?
False
Is 26413319 a composite number?
False
Is 14394883 a composite number?
True
Is 8094169 a prime number?
True
Is 1220147 a composite number?
False
Is 201463 a prime number?
False
Is 1239149 prime?
False
Is 187225933 prime?
True
Is 535216679 prime?
True
Is 4800713 a prime number?
False
Is 11982277 prime?
True
Is 2365859 prime?
True
Is 167455733 composite?
False
Is 3079693 a composite number?
True
Is 13887191 composite?
False
Is 14491558 composite?
True
Is 283319411 a prime number?
True
Is 693282641 a composite number?
True
Is 13308017 a composite number?
False
Is 26326943 composite?
True
Is 56018359 composite?
False
Is 158935562 a prime number?
False
Is 40349597 a prime number?
False
Is 11480507 composite?
False
Is 19813858 prime?
False
Is 36879883 a prime number?
False
Is 27332038 a prime number?
False
Is 4653941 a composite number?
False
Is 1218631 prime?
True
Is 16707781 prime?
False
Is 300410627 a composite number?
True
Is 80447 a prime number?
True
Is 14764651 a prime number?
False
Is 14589889 a composite number?
True
Is 4530158 composite?
True
Is 131009215 prime?
False
Is 26623343 composite?
True
Is 12355771 a composite number?
True
Is 682653089 composite?
False
Is 411503 prime?
True
Is 27705539 prime?
True
Is 407709647 a composite number?
True
Is 13875611 a prime number?
True
Is 7794691 a composite number?
True
Is 7556557 composite?
True
Is 171007 a prime number?
True
Is 108943649 prime?
True
Is 19926139 prime?
True
Is 558166091 a composite number?
True
Is 58444667 prime?
True
Is 18121819 a prime number?
False
Is 125857489 a prime number?
False
Is 233289965 a prime number?
False
Is 23812703 composite?
False
Is 20630405 composite?
True
Is 2237 composite?
False
Is 195171253 a composite number?
True
Is 9767 a composite number?
False
Is 19911503 prime?
False
Is 1712729 prime?
False
Is 958969 prime?
False
Is 25544573 prime?
True
Is 18611233 a composite number?
False
Is 151607111 composite?
False
Is 56842481 composite?
True
Is 733247 composite?
True
Is 499913981 a prime number?
False
Is 52066487 composite?
True
Is 124412527 composite?
True
Is 5118231 composite?
True
Is 71507 a composite number?
True
Is 31353613 composite?
False
Is 96857329 a composite number?
False
Is 4410451 composite?
True
Is 768903 a composite number?
True
Is 484099151 a composite number?
False
Is 3996323 a composite number?
False
Is 18727307 a prime number?
False
Is 7686649 prime?
True
Is 95128109 composite?
False
Is 22356055 a prime number?
False
Is 332287679 prime?
False
Is 446795587 prime?
False
Is 75213127 composite?
True
Is 641317 a composite number?
False
Is 107083 a composite number?
True
Is 4598158 a composite number?
True
Is 252550437 a composite number?
True
Is 358637 composite?
False
Is 9367591 composite?
True
Is 162821 composite?
False
Is 5772269 composite?
False
Is 246184703 composite?
False
Is 2630231 a composite number?
True
Is 8557007 a composite number?
False
Is 5746033 a prime number?
True
Is 89055173 prime?
True
Is 517411199 composite?
False
Is 45488347 prime?
True
Is 74546459 composite?
True
Is 1537357 a prime number?
True
Is 62587783 a composite number?
True
Is 84094609 prime?
False
Is 685675559 composite?
False
Is 1111499 a composite number?
False
Is 2610259 composite?
False
Is 5641897 composite?
False
Is 849649 a prime number?
True
Is 3922405 prime?
False
Is 1110526201 composite?
False
Is 86766821 prime?
False
Is 2563489 a composite number?
False
Is 69795197 prime?
True
Is 21245335 prime?
False
Is 24738989 a prime number?
False
Is 124962377 prime?
True
Is 35009141 a prime number?
False
Is 7623433 composite?
True
Is 307 a composite number?
False
Is 144497953 composite?
False
Is 101855093 composite?
False
Is 15399103 a composite number?
False
Is 81379283 a prime number?
True
Is 1884053 prime?
True
Is 82371853 a composite number?
False
Is 5767007 prime?
True
Is 71801753 prime?
True
Is 82190989 a prime number?
True
Is 2698253 a prime number?
True
Is 1550783 a prime number?
False
Is 388320011 a prime number?
True
Is 291530747 composite?
False
Is 1467758 a composite number?
True
Is 946787 composite?
True
Is 18846127 a composite number?
False
Is 138238447 prime?
False
Is 1857313 prime?
True
Is 320125241 a prime number?
True
Is 707111 prime?
True
Is 139602161 prime?
False
Is 12215971 a composite number?
False
Is 49464949 prime?
True
Is 109002349 composite?
True
Is 6906227 prime?
False
Is 166503257 composite?
False
Is 37928687 a prime number?
True
Is 5938817 composite?
True
Is 75270199 a composite number?
True
Is 134199123 a composite number?
True
Is 10611817 a prime number?
True
Is 945403 composite?
True
Is 232741 composite?
False
Is 5663011 composite?
False
Is 19090957 prime?
True
Is 70826749 composite?
True
Is 73644671 prime?
False
Is 8083739 a composite number?
False
Is 7538281 prime?
True
Is 13853881 composite?
False
Is 875039 a composite number?
True
Is 21670349 composite?
True
Is 14483087 composite?
True
Is 583945 prime?
Fa